{"id":352,"date":"2024-09-17T14:09:41","date_gmt":"2024-09-17T12:09:41","guid":{"rendered":"https:\/\/slowwooldesign.com\/?page_id=352"},"modified":"2024-09-17T14:09:50","modified_gmt":"2024-09-17T12:09:50","slug":"a-propos","status":"publish","type":"page","link":"https:\/\/slowwooldesign.com\/index.php\/a-propos\/","title":{"rendered":"A PROPOS"},"content":{"rendered":"<p>[et_pb_section fb_built=&#8221;1&#8243; _builder_version=&#8221;4.25.1&#8243; _module_preset=&#8221;default&#8221; custom_padding=&#8221;0px||||false|false&#8221; global_colors_info=&#8221;{}&#8221;][et_pb_row _builder_version=&#8221;4.25.1&#8243; _module_preset=&#8221;default&#8221; width=&#8221;97%&#8221; max_width=&#8221;2560px&#8221; module_alignment=&#8221;center&#8221; custom_padding=&#8221;17px|||||&#8221; global_colors_info=&#8221;{}&#8221;][et_pb_column type=&#8221;4_4&#8243; _builder_version=&#8221;4.25.1&#8243; _module_preset=&#8221;default&#8221; global_colors_info=&#8221;{}&#8221;][dsm_button button_one_text=&#8221;EN&#8221; button_one_url=&#8221;@ET-DC@eyJkeW5hbWljIjp0cnVlLCJjb250ZW50IjoicG9zdF9saW5rX3VybF9wYWdlIiwic2V0dGluZ3MiOnsicG9zdF9pZCI6IjY2In19@&#8221; button_two_text=&#8221;FR&#8221; button_two_url=&#8221;@ET-DC@eyJkeW5hbWljIjp0cnVlLCJjb250ZW50IjoicG9zdF9saW5rX3VybCIsInNldHRpbmdzIjp7fX0=@&#8221; button_alignment=&#8221;right&#8221; _builder_version=&#8221;4.25.1&#8243; _dynamic_attributes=&#8221;button_one_url,button_two_url&#8221; _module_preset=&#8221;default&#8221; separator_text_font_size=&#8221;2px&#8221; custom_button_one=&#8221;on&#8221; button_one_text_size=&#8221;14px&#8221; button_one_border_width=&#8221;0px&#8221; button_one_use_icon=&#8221;off&#8221; button_one_custom_margin=&#8221;|-10px|||false|false&#8221; custom_button_two=&#8221;on&#8221; button_two_text_size=&#8221;14px&#8221; button_two_border_width=&#8221;0px&#8221; button_two_use_icon=&#8221;off&#8221; button_two_custom_margin=&#8221;|||4px|false|false&#8221; global_colors_info=&#8221;{}&#8221;][\/dsm_button][\/et_pb_column][\/et_pb_row][et_pb_row column_structure=&#8221;1_2,1_2&#8243; _builder_version=&#8221;4.25.1&#8243; _module_preset=&#8221;default&#8221; global_colors_info=&#8221;{}&#8221;][et_pb_column type=&#8221;1_2&#8243; _builder_version=&#8221;4.25.1&#8243; _module_preset=&#8221;default&#8221; global_colors_info=&#8221;{}&#8221;][dsm_perspective_image src=&#8221;http:\/\/slowwooldesign.com\/wp-content\/uploads\/2024\/06\/PORTRAIT-COLOUR-copy.jpg&#8221; alt=&#8221;Handcrafted 3D fleece landscapes by felt artist Julia Mottram Raw wool &#8211; no skin Art et Artisanat Cr\u00e9ation de pi\u00e8ces uniques enti\u00e8rement compos\u00e9es de fibre de laine, par Julia Mottram artisane feutri\u00e8re&#8221; title_text=&#8221;PORTRAIT COLOUR copy&#8221; _builder_version=&#8221;4.25.1&#8243; _module_preset=&#8221;default&#8221; global_colors_info=&#8221;{}&#8221;][\/dsm_perspective_image][et_pb_text _builder_version=&#8221;4.25.1&#8243; _module_preset=&#8221;default&#8221; global_colors_info=&#8221;{}&#8221;]<\/p>\n<p class=\"p1\" style=\"text-align: center;\">Artisane feutri\u00e8re Julia Mottram<\/p>\n<p>[\/et_pb_text][\/et_pb_column][et_pb_column type=&#8221;1_2&#8243; _builder_version=&#8221;4.25.1&#8243; _module_preset=&#8221;default&#8221; global_colors_info=&#8221;{}&#8221;][et_pb_text _builder_version=&#8221;4.25.1&#8243; _module_preset=&#8221;default&#8221; header_6_line_height=&#8221;1.2em&#8221; global_colors_info=&#8221;{}&#8221;]<\/p>\n<p class=\"p1\">Ancienne r\u00e9dactrice de mode devenue femme d\u2019agriculteur, l\u2019\u00e9piphanie de Julia d\u00e9bute lors de sa premi\u00e8re exp\u00e9rience de La Tonte, \u00e9v\u00e9nement annuel o\u00f9 le mouton est soulag\u00e9 de sa toison d\u2019hiver pour passer l\u2019\u00e9t\u00e9 en pleine sant\u00e9 :<\/p>\n<p class=\"p1\">\n<p class=\"p1\">\u201cFace \u00e0 un tas croissant de toisons j\u2019\u00e9tais tout simplement stup\u00e9faite par les couleurs, les textures et cette esp\u00e8ce de luminosit\u00e9 qui se ne trouve que dans la nature. Cette laine m\u2019\u00e9tait indissociable des paysages, m\u00eame le ciel sous lequel ces b\u00eates paisibles passent leurs vies \u00e0 p\u00e2turer\u201d<\/p>\n<p class=\"p1\">\n<p class=\"p1\">Apprendre des tondeurs que ce sous-produit miraculeux ne vaut plus rien aujourd\u2019hui, il vaut mieux l\u2019enterrer ou le br\u00fbler, \u00e9tait tout simplement irrecevable. Ainsi, commence un parcours de d\u00e9couverte vers le monde de la laine, et \u00e0 la recherche de la meilleur technique qui permettrait \u00e0<span class=\"Apple-converted-space\">\u00a0 <\/span>Julia d\u2019exposer cette fibre extraordinaire, dans sa forme la plus \u00e9pur\u00e9e. Ce parcours am\u00e8ne \u00e0 SLOW WOOL DESIGN (slow = lent comme la pousse de la laine, le rythme de la nature, et le travail minutieux n\u00e9cessaire pour ses confections.)<\/p>\n<p class=\"p1\">\n<p class=\"p1\"><span class=\"s1\">En u<\/span>tilisant des techniques ancestrales de feutrage humide, de la laine brute issue de races de mouton souvent menac\u00e9es, Julia transforme ce qui est ostensiblement un d\u00e9chet en des ouvres contemporaines. Elle expose la beaut\u00e9 et la richesse d\u2019un des plus anciens patrimoines naturels que l\u2019homme a transform\u00e9 depuis la domestication animale, et met en lumi\u00e8re le d\u00e9clin choquant de la fili\u00e8re laine Europ\u00e9enne<span class=\"s2\">.<\/span><\/p>\n<p>[\/et_pb_text][\/et_pb_column][\/et_pb_row][\/et_pb_section]<\/p>\n","protected":false},"excerpt":{"rendered":"<p><div class=\"et_pb_module dsm_button dsm_button_0 et_pb_bg_layout_light\">\n\t\t\t\t\n\t\t\t\t\n\t\t\t\t\n\t\t\t\t\n\t\t\t\t\n\t\t\t\t\n\t\t\t\t<div class=\"et_pb_module_inner\">\n\t\t\t\t\t<div class=\"et_pb_button_module_wrappers dsm_button_0_wrapper et_pb_button_alignment_right et_pb_module\">\n\t\t\t\t<a class=\"et_pb_button et_pb_button_one et_pb_bg_layout_light dsm-none \"  href=\"\" data-dsm-lightbox-id=\"dsm_button_one_lightbox dsm_button_0\">EN<\/a><a class=\"et_pb_button et_pb_button_two et_pb_bg_layout_light dsm-none \"  href=\"\" data-dsm-lightbox-id=\"dsm_button_two_lightbox dsm_button_0\">FR<\/a>\n\t\t\t<\/div>\n\t\t\t\t<\/div>\n\t\t\t<\/div><div class=\"et_pb_module dsm_perspective_image dsm_perspective_image_0\">\n\t\t\t\t\n\t\t\t\t\n\t\t\t\t\n\t\t\t\t\n\t\t\t\t\n\t\t\t\t\n\t\t\t\t<div class=\"et_pb_module_inner\">\n\t\t\t\t\t<div class=\"dsm-perspective-image-wrapper et_always_center_on_mobile\">\n\t\t\t\t\n\t\t\t\t\n\t\t\t\t<span class=\"et_pb_image_wrap \"><img decoding=\"async\" src=\"&#8221;http:\/\/slowwooldesign.com\/wp-content\/uploads\/2024\/06\/PORTRAIT-COLOUR-copy.jpg&#8221;\" alt=\"&#8221;Handcrafted\" title=\"&#8221;PORTRAIT\" \/><\/span>\n\t\t\t<\/div>\n\t\t\t\t<\/div>\n\t\t\t<\/div><\/p>\n","protected":false},"author":1,"featured_media":0,"parent":0,"menu_order":0,"comment_status":"closed","ping_status":"closed","template":"","meta":{"_et_pb_use_builder":"on","_et_pb_old_content":"","_et_gb_content_width":"","footnotes":""},"class_list":["post-352","page","type-page","status-publish","hentry"],"_links":{"self":[{"href":"https:\/\/slowwooldesign.com\/index.php\/wp-json\/wp\/v2\/pages\/352","targetHints":{"allow":["GET"]}}],"collection":[{"href":"https:\/\/slowwooldesign.com\/index.php\/wp-json\/wp\/v2\/pages"}],"about":[{"href":"https:\/\/slowwooldesign.com\/index.php\/wp-json\/wp\/v2\/types\/page"}],"author":[{"embeddable":true,"href":"https:\/\/slowwooldesign.com\/index.php\/wp-json\/wp\/v2\/users\/1"}],"replies":[{"embeddable":true,"href":"https:\/\/slowwooldesign.com\/index.php\/wp-json\/wp\/v2\/comments?post=352"}],"version-history":[{"count":6,"href":"https:\/\/slowwooldesign.com\/index.php\/wp-json\/wp\/v2\/pages\/352\/revisions"}],"predecessor-version":[{"id":388,"href":"https:\/\/slowwooldesign.com\/index.php\/wp-json\/wp\/v2\/pages\/352\/revisions\/388"}],"wp:attachment":[{"href":"https:\/\/slowwooldesign.com\/index.php\/wp-json\/wp\/v2\/media?parent=352"}],"curies":[{"name":"wp","href":"https:\/\/api.w.org\/{rel}","templated":true}]}}