{"id":66,"date":"2024-05-28T12:15:37","date_gmt":"2024-05-28T10:15:37","guid":{"rendered":"https:\/\/slowwooldesign.com\/?page_id=66"},"modified":"2025-08-15T12:21:00","modified_gmt":"2025-08-15T10:21:00","slug":"about","status":"publish","type":"page","link":"https:\/\/slowwooldesign.com\/index.php\/about\/","title":{"rendered":"ABOUT"},"content":{"rendered":"<p>[et_pb_section fb_built=&#8221;1&#8243; _builder_version=&#8221;4.25.1&#8243; _module_preset=&#8221;default&#8221; custom_padding=&#8221;0px||||false|false&#8221; global_colors_info=&#8221;{}&#8221;][et_pb_row _builder_version=&#8221;4.25.1&#8243; _module_preset=&#8221;default&#8221; width=&#8221;97%&#8221; max_width=&#8221;2560px&#8221; module_alignment=&#8221;center&#8221; custom_padding=&#8221;17px|||||&#8221; global_colors_info=&#8221;{}&#8221;][et_pb_column type=&#8221;4_4&#8243; _builder_version=&#8221;4.25.1&#8243; _module_preset=&#8221;default&#8221; global_colors_info=&#8221;{}&#8221;][dsm_button button_one_text=&#8221;EN&#8221; button_one_url=&#8221;@ET-DC@eyJkeW5hbWljIjp0cnVlLCJjb250ZW50IjoicG9zdF9saW5rX3VybF9wYWdlIiwic2V0dGluZ3MiOnsicG9zdF9pZCI6IjY2In19@&#8221; button_two_text=&#8221;FR&#8221; button_two_url=&#8221;@ET-DC@eyJkeW5hbWljIjp0cnVlLCJjb250ZW50IjoicG9zdF9saW5rX3VybF9wYWdlIiwic2V0dGluZ3MiOnsicG9zdF9pZCI6IjM1MiJ9fQ==@&#8221; button_alignment=&#8221;right&#8221; _builder_version=&#8221;4.25.1&#8243; _dynamic_attributes=&#8221;button_one_url,button_two_url&#8221; _module_preset=&#8221;default&#8221; separator_text_font_size=&#8221;2px&#8221; custom_button_one=&#8221;on&#8221; button_one_text_size=&#8221;14px&#8221; button_one_border_width=&#8221;0px&#8221; button_one_use_icon=&#8221;off&#8221; button_one_custom_margin=&#8221;|-10px|||false|false&#8221; custom_button_two=&#8221;on&#8221; button_two_text_size=&#8221;14px&#8221; button_two_border_width=&#8221;0px&#8221; button_two_use_icon=&#8221;off&#8221; button_two_custom_margin=&#8221;|||4px|false|false&#8221; global_colors_info=&#8221;{}&#8221;][\/dsm_button][\/et_pb_column][\/et_pb_row][et_pb_row column_structure=&#8221;1_2,1_2&#8243; _builder_version=&#8221;4.25.1&#8243; _module_preset=&#8221;default&#8221; global_colors_info=&#8221;{}&#8221;][et_pb_column type=&#8221;1_2&#8243; _builder_version=&#8221;4.25.1&#8243; _module_preset=&#8221;default&#8221; global_colors_info=&#8221;{}&#8221;][dsm_perspective_image src=&#8221;http:\/\/slowwooldesign.com\/wp-content\/uploads\/2024\/06\/PORTRAIT-COLOUR-copy.jpg&#8221; alt=&#8221;Handcrafted 3D fleece landscapes by felt artist Julia Mottram Raw wool &#8211; no skin Art et Artisanat Cr\u00e9ation de pi\u00e8ces uniques enti\u00e8rement compos\u00e9es de fibre de laine, par Julia Mottram artisane feutri\u00e8re&#8221; title_text=&#8221;PORTRAIT COLOUR copy&#8221; _builder_version=&#8221;4.25.1&#8243; _module_preset=&#8221;default&#8221; global_colors_info=&#8221;{}&#8221;][\/dsm_perspective_image][et_pb_text _builder_version=&#8221;4.25.1&#8243; _module_preset=&#8221;default&#8221; global_colors_info=&#8221;{}&#8221;]<\/p>\n<p class=\"p1\" style=\"text-align: center;\">Felt artist Julia Mottram<\/p>\n<p>[\/et_pb_text][\/et_pb_column][et_pb_column type=&#8221;1_2&#8243; _builder_version=&#8221;4.25.1&#8243; _module_preset=&#8221;default&#8221; global_colors_info=&#8221;{}&#8221;][et_pb_text _builder_version=&#8221;4.25.1&#8243; _module_preset=&#8221;default&#8221; header_6_line_height=&#8221;1.2em&#8221; hover_enabled=&#8221;0&#8243; global_colors_info=&#8221;{}&#8221; sticky_enabled=&#8221;0&#8243;]<\/p>\n<p class=\"p1\"><em>\u2018I\u2019m standing in front of a huge pile of newly shorn sheep fleece, pillow upon pillow of texture, colour, and light. The virgin wool is so ravishing I feel somehow changed. I ask the shearer what it\u2019s worth, \u201cnothing\u201d is his reply. \u201cYou\u2019ll have to burn it. Or bury it.\u201d<\/em><\/p>\n<p class=\"p1\"><em>That\u2019s how it started.\u2019<\/em><\/p>\n<p class=\"p3\">Ex fashion editor and accidental sheep farmer, Julia\u2019s epiphany came during her first experience of shearing day, the annual event where sheep must be relieved of their heavy winter fleeces to face the heat of summer in the best possible health. Hearing that this miraculous by-product was worthless was unacceptable to her, and set her on her journey of discovery into everything wool, and to finding the holy grail of techniques that would enable her to present this extraordinary fibre in it\u2019s very purest form. That journey would became Slow Wool Design &#8211; slow being a reflection of the four seasons it takes for a sheep to grow its fleece, slow like the rhythms of nature, and the meticulous work involved in producing her designs. Using ancient wet felting techniques and the untreated wool from often endangered sheep breeds, Julia turns an ostensibly worthless by-product into contemporary 3D landscapes, holding a mirror not only to the beauty of one of the planet\u2019s oldest renewable animal fibres, but also the to abject waste of a Europe-wide wool industry that is in a shocking, steady decline.<\/p>\n<p>[\/et_pb_text][\/et_pb_column][\/et_pb_row][\/et_pb_section]<\/p>\n","protected":false},"excerpt":{"rendered":"<p><div class=\"et_pb_module dsm_button dsm_button_0 et_pb_bg_layout_light\">\n\t\t\t\t\n\t\t\t\t\n\t\t\t\t\n\t\t\t\t\n\t\t\t\t\n\t\t\t\t\n\t\t\t\t<div class=\"et_pb_module_inner\">\n\t\t\t\t\t<div class=\"et_pb_button_module_wrappers dsm_button_0_wrapper et_pb_button_alignment_right et_pb_module\">\n\t\t\t\t<a class=\"et_pb_button et_pb_button_one et_pb_bg_layout_light dsm-none \"  href=\"\" data-dsm-lightbox-id=\"dsm_button_one_lightbox dsm_button_0\">EN<\/a><a class=\"et_pb_button et_pb_button_two et_pb_bg_layout_light dsm-none \"  href=\"\" data-dsm-lightbox-id=\"dsm_button_two_lightbox dsm_button_0\">FR<\/a>\n\t\t\t<\/div>\n\t\t\t\t<\/div>\n\t\t\t<\/div><div class=\"et_pb_module dsm_perspective_image dsm_perspective_image_0\">\n\t\t\t\t\n\t\t\t\t\n\t\t\t\t\n\t\t\t\t\n\t\t\t\t\n\t\t\t\t\n\t\t\t\t<div class=\"et_pb_module_inner\">\n\t\t\t\t\t<div class=\"dsm-perspective-image-wrapper et_always_center_on_mobile\">\n\t\t\t\t\n\t\t\t\t\n\t\t\t\t<span class=\"et_pb_image_wrap \"><img decoding=\"async\" src=\"&#8221;http:\/\/slowwooldesign.com\/wp-content\/uploads\/2024\/06\/PORTRAIT-COLOUR-copy.jpg&#8221;\" alt=\"&#8221;Handcrafted\" title=\"&#8221;PORTRAIT\" \/><\/span>\n\t\t\t<\/div>\n\t\t\t\t<\/div>\n\t\t\t<\/div><\/p>\n","protected":false},"author":1,"featured_media":0,"parent":0,"menu_order":0,"comment_status":"closed","ping_status":"closed","template":"","meta":{"_et_pb_use_builder":"on","_et_pb_old_content":"","_et_gb_content_width":"","footnotes":""},"class_list":["post-66","page","type-page","status-publish","hentry"],"_links":{"self":[{"href":"https:\/\/slowwooldesign.com\/index.php\/wp-json\/wp\/v2\/pages\/66","targetHints":{"allow":["GET"]}}],"collection":[{"href":"https:\/\/slowwooldesign.com\/index.php\/wp-json\/wp\/v2\/pages"}],"about":[{"href":"https:\/\/slowwooldesign.com\/index.php\/wp-json\/wp\/v2\/types\/page"}],"author":[{"embeddable":true,"href":"https:\/\/slowwooldesign.com\/index.php\/wp-json\/wp\/v2\/users\/1"}],"replies":[{"embeddable":true,"href":"https:\/\/slowwooldesign.com\/index.php\/wp-json\/wp\/v2\/comments?post=66"}],"version-history":[{"count":17,"href":"https:\/\/slowwooldesign.com\/index.php\/wp-json\/wp\/v2\/pages\/66\/revisions"}],"predecessor-version":[{"id":437,"href":"https:\/\/slowwooldesign.com\/index.php\/wp-json\/wp\/v2\/pages\/66\/revisions\/437"}],"wp:attachment":[{"href":"https:\/\/slowwooldesign.com\/index.php\/wp-json\/wp\/v2\/media?parent=66"}],"curies":[{"name":"wp","href":"https:\/\/api.w.org\/{rel}","templated":true}]}}